m + 138. Let s = 169 + -169. List the prime factors of i(s).
2, 3, 23
Suppose 2 - 11 = -6*j + 3*o, -5 = -4*j + 3*o. List the prime factors of 4194/(j - -1) + -7.
13, 107
Let h be 1/(-2)*0/(3 - 9). Suppose 6*d - 3666 - 6576 = h. What are the prime factors of d?
3, 569
Suppose 0 = 3*b - 5*d - 2182 + 6403, -2*b - 2813 = -3*d. Let m = 2442 + b. List the prime factors of m.
2, 5, 13
Let f(m) be the first derivative of m**4/4 + 386*m - 6. Let t be f(0). Suppose -5*a - 128 + t = w, 5*a + 2*w = 261. List the prime factors of a.
3, 17
Let u be 15*(-6 + 3 - 4). Let y = u + 916. What are the prime factors of y?
811
Suppose -8*o = -23*o - 105. Let z(t) = 11*t**2 + 7*t - 49. List the prime factors of z(o).
3, 7
Let d = -11838 - -31614. List the prime factors of d.
2, 3, 103
Let j(i) = -i**2 + 17*i - 27. Let n be j(15). Suppose 7*r - n - 25 = 0. Suppose -857 - 79 = -r*x. List the prime factors of x.
2, 3, 13
Let v(i) = -14*i. Let d be v(-8). Let g = -132 - -134. Suppose g*h + p - 199 = 0, -p = h + 2*p - d. What are the prime factors of h?
97
Let z = -6030 + 7584. What are the prime factors of z?
2, 3, 7, 37
Let o(z) = 285*z + 10267. List the prime factors of o(149).
2, 13183
Let t be -355*1/((-25)/(-15)). Let f = 225 + t. What are the prime factors of f?
2, 3
Suppose 0 = 6*u + 5*k - 79092, -k - 4897 = -u + 8274. What are the prime factors of u?
13177
Suppose 12*w = 21*w + 5868. Let b = w - -1867. List the prime factors of b.
3, 5
Let p be -6*(1 - (-44)/(-8)). Let u = p + -31. Let m = u - -20. What are the prime factors of m?
2
Let c = 882 + 1379. What are the prime factors of c?
7, 17, 19
Let z(k) = k**2 - 10*k + 5. Let q = 76 + -62. Let d be z(q). Let p = -22 + d. List the prime factors of p.
3, 13
Let q(h) = -1167*h - 952. List the prime factors of q(-23).
25889
Suppose -3*i = -4*h + 270, 2*h = h. Let f = 124 + i. List the prime factors of f.
2, 17
Let m(h) = -h + 5. Let r be m(9). Let z be 56/21*1/(r/(-6)). What are the prime factors of (238/9)/2 - z/18?
13
Suppose -4*x - 480 = -4*g + 92, -131 = -g - 2*x. Suppose g + 381 = 4*p. What are the prime factors of p?
2, 5, 13
Let x = -4400 - -6380. List the prime factors of x.
2, 3, 5, 11
Let a(h) = 2*h + 14. Let k be a(-5). Suppose -4*x + 3*j + 351 = 0, j = k*x - 0*j - 357. Let z = x + -52. What are the prime factors of z?
2, 19
Suppose -71386 = -10*o + 45713 + 29691. List the prime factors of o.
3, 7, 233
Suppose 12144 = 13*n - 10*n + h, n - h - 4044 = 0. List the prime factors of n.
3, 19, 71
Suppose -17*t + 67752 = -13*t - 53936. List the prime factors of t.
2, 7, 41, 53
Suppose z + 147 = -2*z. Let x = -50 - z. List the prime factors of (x/(-2))/(19/4180).
2, 5, 11
Suppose y + 218 - 242 = 0. Suppose 1041 = y*a - 471. What are the prime factors of a?
3, 7
Let x(m) = -9*m - 16. Let y be x(-3). Let f(s) = 22*s - 7. Let u be f(y). Suppose -4*j = 16, 2*z + j - u = 249. List the prime factors of z.
2, 61
Let r(h) be the second derivative of -19/2*h**2 + 1/20*h**5 + 0 + 5*h - 4/3*h**3 - 7/6*h**4. List the prime factors of r(15).
2, 43
Suppose -3*u + 2*y + 15 = 0, -3*u + 0*y = 4*y - 15. Suppose 233 = u*i - 362. Let k = i + 37. What are the prime factors of k?
2, 3, 13
Let i(b) = -2*b + 29. Let v be i(7). Suppose v = 6*f - 33. Suppose f*c - 1172 = 44. List the prime factors of c.
2, 19
Suppose -439*m - 125289 = -448*m. List the prime factors of m.
13921
Let f = -12 - -16. Suppose 4*d = -n + 573 - 12, 2*d + f*n = 284. Suppose -26*m + 21*m = -d. What are the prime factors of m?
2, 7
Let i(t) = 6*t - 40. Let v = 30 - 25. Let c be 67/v + ((-16)/(-10) - 2). What are the prime factors of i(c)?
2, 19
Let n = 11592 - 6868. What are the prime factors of n?
2, 1181
Suppose -4*f = -4, 3*i - 110*f + 112*f = 78161. What are the prime factors of i?
26053
Suppose 5*q - 100780 = -r, -5*q + 100780 = -21*r + 23*r. List the prime factors of q.
2, 5039
Suppose 0 = -23*v + 10097 + 59478. List the prime factors of v.
5, 11
Suppose -3*w = 0, 4*w = -18*q + 16*q + 23372. List the prime factors of q.
2, 5843
Let p = 21859 - -43743. List the prime factors of p.
2, 32801
Let r be -2 + (-7)/((-63)/8829). Suppose -r = -6*x - 91. What are the prime factors of x?
2, 37
Suppose 9*a = 3*a. Let r(s) = -s**3 + s + 445. List the prime factors of r(a).
5, 89
Let a be (11 - 14)*11/(-3). Let i = 26 - 12. List the prime factors of i*(2/a - (-73)/22).
7
Let a = 680 - 231. Let t = 795 - a. List the prime factors of t.
2, 173
Let f(i) = -9*i - 18. Let l(d) = d + 1. Let m(j) = -f(j) - l(j). Let k = 1224 + -1213. What are the prime factors of m(k)?
3, 5, 7
Let p = 29904 - 5639. What are the prime factors of p?
5, 23, 211
List the prime factors of -1*26/221 + (-29497)/(-17).
5, 347
Let s(c) = c**3 - 3*c - 3. Let g be s(-3). List the prime factors of (-6)/g - 28827/(-21).
1373
Let a = 384 - 81. Let t = -157 + a. List the prime factors of (-1 - -2)*(t + 3).
149
Let z = 14883 - 4419. What are the prime factors of z?
2, 3, 109
Let h = -11337 - -11343. List the prime factors of h.
2, 3
Let k(a) = -3*a + 9. Let w be k(3). Suppose w = -s + 9 - 5. Suppose 0 = -4*j - 4*i - 0*i + 148, 0 = -s*j - 3*i + 147. What are the prime factors of j?
2, 3
Suppose -5*g + 30 = 10*g. Suppose 0 = g*s - 10, 8*o = 6*o + s + 2711. List the prime factors of o.
2, 7, 97
Suppose -126*f + 125*f + 78125 = 3*i, i - 156295 = -2*f. What are the prime factors of f?
2, 9769
Let f(y) = 7*y - 3. Let t be f(1). Suppose 0 = t*z + 5*q - 88, 2*z - 22 = -9*q + 12*q. Suppose z = -u + 30. What are the prime factors of u?
13
Let k be ((-32)/(-20))/(4/15). Suppose -k*d - 1155 = -11*d. List the prime factors of d.
3, 7, 11
Let o = -94 - -242. Let g(a) = 5*a**2 + 14*a + 34. Let p be g(-4). Let c = o - p. List the prime factors of c.
2, 3, 5
Suppose 4*h - 2*t - 28003 = 111405, 0 = -3*h + 2*t + 104558. What are the prime factors of h?
2, 5, 17, 41
What are the prime factors of -12*(-13)/(-780)*-11335?
2267
Suppose 3*w - 1548 = -3*s, 4*w = -2*s + 5*s + 2085. Suppose -34*b + 33*b - 2*t + w = 0, 0 = -5*b + t + 2584. List the prime factors of b.
11, 47
Let m = -135 - -200. Let g = m - 37. What are the prime factors of (g/(-42))/((-2)/456)?
2, 19
Suppose 10*k = 7*k + 12. Suppose y = -3*y, -k*y = -5*r + 210. What are the prime factors of r?
2, 3, 7
Let q(x) = 569*x + 31. Let r be q(-4). List the prime factors of (-13)/((-325)/(-10))*r.
2, 449
Suppose -5*f = 3*a - 4433, -31*f + 29*f + 1790 = -3*a. List the prime factors of f.
7, 127
Suppose 42*b - 36*b = 3204. Let o = 1091 - b. What are the prime factors of o?
557
Let m(p) = p - 4. Let j be m(6). Suppose 22 = j*z + 2. Suppose y - z = -5*c - 0*c, c = -4*y + 78. List the prime factors of y.
2, 5
Let w(b) = b**3 + 7*b**2 - 6*b - 33. Let l be w(-7). Suppose l*t + 2*t = 6776. List the prime factors of t.
2, 7, 11
Let d(x) = x**3 - x**2 + x + 532. Let a = 233 - 233. What are the prime factors of d(a)?
2, 7, 19
List the prime factors of 5/(-9)*-3 + 15650/6.
2, 3, 5, 29
Let b = 200 - 196. Suppose 2*y - b*m - 572 = 0, -5*m - 152 = 3*y - 999. List the prime factors of y.
2, 71
Suppose -q - 12 = -4*z - 0, 2*z + 3*q - 20 = 0. Suppose 0 = -4*a + 3*o + 1316, 0*a - 5*o = -z*a + 1316. Let d = a - 212. What are the prime factors of d?
3, 13
Suppose -5*b = 4*m - 11, 3*b - 13 = -2*m - 8. Suppose -272 = -3*v + m*z, 173 + 89 = 3*v - 2*z. List the prime factors of v.
2, 3, 7
Let i be -66 - -60 - (2 - 16/2). Suppose -4*o = 19*y - 17*y - 338, 2*y + 3*o - 336 = i. What are the prime factors of y?
3, 5, 11
Suppose x = 3*o - 70, 2*o - x - 95 = -2*o. Suppose o*h + 0*h = 35475. What are the prime factors of h?
3, 11, 43
Let v be 5 + -2 + -2 + 435. Suppose -11*u + v = -2996. List the prime factors of u.
2, 3, 13
Suppose 3*w - 33*q = -30*q + 7449, -4958 = -2*w - 2*q. Suppose 0 = -3*b + 4*i + w, -20*b + 17*b + 2490 = -i. What are the prime factors of b?
3, 277
Let m = -7150 + 13847. What are the prime factors of m?
37, 181
Suppose 0 = -4*b + 78 - 14. Let a = -119 - -115. List the prime factors of a - ((-2)/(-1) - b).
2, 5
Suppose -3*p = -5*m - 21301, -302*m + 307*m - 21311 = -3*p. List the prime factors of p.
2, 53, 67
Suppose -7296 = -72*o + 48*o. Let k = o + -244. What are the prime factors of k?
2, 3, 5
Suppose 0 = k + 5, -285*l = -287*l - 2*k + 19992. What are the prime factors of l?
73, 137
Su